it of 671769?
7
What is the ten thousands digit of 3775311?
7
What is the tens digit of 278963?
6
What is the tens digit of 281105?
0
What is the hundreds digit of 4608866?
8
What is the hundred thousands digit of 1420554?
4
What is the ten thousands digit of 5945567?
4
What is the hundreds digit of 474895?
8
What is the tens digit of 310230?
3
What is the hundreds digit of 19988?
9
What is the millions digit of 3295794?
3
What is the millions digit of 7382264?
7
What is the units digit of 41094?
4
What is the hundred thousands digit of 196666?
1
What is the ten thousands digit of 26735827?
3
What is the tens digit of 12894303?
0
What is the ten millions digit of 29243670?
2
What is the ten thousands digit of 1324807?
2
What is the units digit of 444299?
9
What is the tens digit of 26563002?
0
What is the hundred thousands digit of 1551632?
5
What is the tens digit of 164288?
8
What is the hundreds digit of 1214997?
9
What is the units digit of 265879?
9
What is the units digit of 5910932?
2
What is the hundreds digit of 12944983?
9
What is the thousands digit of 1674432?
4
What is the units digit of 6409632?
2
What is the thousands digit of 31330278?
0
What is the thousands digit of 2837728?
7
What is the units digit of 40375394?
4
What is the hundreds digit of 540805?
8
What is the units digit of 1610881?
1
What is the tens digit of 5341763?
6
What is the tens digit of 2285600?
0
What is the tens digit of 1961662?
6
What is the hundreds digit of 209635?
6
What is the thousands digit of 1179636?
9
What is the hundreds digit of 163321?
3
What is the tens digit of 890141?
4
What is the hundred thousands digit of 519305?
5
What is the units digit of 1142088?
8
What is the thousands digit of 20240130?
0
What is the thousands digit of 16661308?
1
What is the ten thousands digit of 881894?
8
What is the tens digit of 2667391?
9
What is the millions digit of 29429526?
9
What is the tens digit of 684368?
6
What is the units digit of 765288?
8
What is the hundred thousands digit of 11084554?
0
What is the hundred thousands digit of 20791765?
7
What is the tens digit of 870534?
3
What is the hundreds digit of 429396?
3
What is the tens digit of 127710?
1
What is the hundreds digit of 242981?
9
What is the thousands digit of 8047470?
7
What is the ten thousands digit of 220019?
2
What is the tens digit of 6457754?
5
What is the hundred thousands digit of 6650129?
6
What is the hundred thousands digit of 2360004?
3
What is the tens digit of 7291036?
3
What is the hundreds digit of 42641?
6
What is the hundreds digit of 105300?
3
What is the millions digit of 24173682?
4
What is the ten thousands digit of 120674?
2
What is the units digit of 1640162?
2
What is the ten thousands digit of 301203?
0
What is the ten thousands digit of 27124807?
2
What is the thousands digit of 61578?
1
What is the hundred thousands digit of 176446?
1
What is the tens digit of 8377332?
3
What is the ten thousands digit of 1020349?
2
What is the ten thousands digit of 786298?
8
What is the hundreds digit of 835046?
0
What is the ten thousands digit of 69588?
6
What is the hundreds digit of 111800?
8
What is the ten thousands digit of 46982?
4
What is the millions digit of 12014228?
2
What is the hundreds digit of 6923314?
3
What is the ten thousands digit of 166056?
6
What is the ten thousands digit of 658705?
5
What is the tens digit of 4255457?
5
What is the hundred thousands digit of 7166140?
1
What is the ten thousands digit of 42958?
4
What is the millions digit of 1160431?
1
What is the tens digit of 143713?
1
What is the ten thousands digit of 1293783?
9
What is the thousands digit of 221770?
1
What is the tens digit of 147360?
6
What is the hundred thousands digit of 3969517?
9
What is the units digit of 228418?
8
What is the thousands digit of 16684501?
4
What is the hundreds digit of 2870988?
9
What is the units digit of 184855?
5
What is the tens digit of 2886734?
3
What is the ten thousands digit of 982216?
8
What is the thousands digit of 899999?
9
What is the hundred thousands digit of 313469?
3
What is the ten thousands digit of 1960727?
6
What is the hundred thousands digit of 1073984?
0
What is the thousands digit of 5453178?
3
What is the thousands digit of 723875?
3
What is the millions digit of 2275847?
2
What is the hundreds digit of 1027753?
7
What is the hundred thousands digit of 21272236?
2
What is the millions digit of 11367010?
1
What is the units digit of 201526?
6
What is the units digit of 534493?
3
What is the tens digit of 2959840?
4
What is the hundreds digit of 1137222?
2
What is the millions digit of 1744547?
1
What is the tens digit of 412801?
0
What is the units digit of 5585673?
3
What is the units digit of 8721623?
3
What is the units digit of 2114000?
0
What is the ten thousands digit of 1674075?
7
What is the hundred thousands digit of 3108153?
1
What is the tens digit of 305190?
9
What is the thousands digit of 4057244?
7
What is the tens digit of 296336?
3
What is the units digit of 10260110?
0
What is the thousands digit of 78002?
8
What is the hundreds digit of 1249136?
1
What is the units digit of 5618365?
5
What is the ten thousands digit of 10086393?
8
What is the tens digit of 439753?
5
What is the ten thousands digit of 5057714?
5
What is the hundred thousands digit of 697329?
6
What is the thousands digit of 630966?
0
What is the tens digit of 185418?
1
What is the ten thousands digit of 17532611?
3
What is the hundreds digit of 7693102?
1
What is the hundreds digit of 38408?
4
What is the tens digit of 6501458?
5
What is the hundreds digit of 7593?
5
What is the hundreds digit of 752303?
3
What is the millions digit of 1179550?
1
What is the ten thousands digit of 1763032?
6
What is the units digit of 3921034?
4
What is the hundreds digit of 2355870?
8
What is the tens digit of 92461?
6
What is the units digit of 673068?
8
What is the units digit of 535870?
0
What is the hundreds digit of 727207?
2
What is the hundred thousands digit of 5058077?
0
What is the tens digit of 3606754?
5
What is the units digit of 548549?
9
What is the thousands digit of 2035630?
5
What is the hundred thousands digit of 912286?
9
What is the hundreds digit of 2045473?
4
What is the thousands digit of 286269?
6
What is the hundreds digit of 144190?
1
What is the millions digit of 10344991?
0
What is the hundreds digit of 1718319?
3
What is the tens digit of 556672?
7
What is the ten thousands digit of 620072?
2
What is the hundred thousands digit of 9571493?
5
What is the hundred thousands digit of 118880?
1
What is the ten thousands digit of 2352599?
5
What is the hundred thousands digit of 26983656?
9
What is the ten thousands digit of 1191653?
9
What is the ten thousands digit of 607151?
0
What is the tens digit of 415208?
0
What is the hundred thousands digit of 591752?
5
What is the ten thousands digit of 9695307?
9
What is the thousands digit of 419787?
9
What is the ten thousands digit of 919837?
1
What is the ten thousands digit of 691376?
9
What is the hundreds digit of 2355368?
3
What is the ten millions digit of 27121047?
2
What is the ten thousands digit of 12592?
1
What is the tens digit of 4624804?
0
What is the tens digit of 30632550?
5
What is the hundred thousands digit of 285708?
2
What is the hundreds digit of 5239168?
1
What is the tens digit of 47470?
7
What is the hundred thousands digit of 211236?
2
What is the ten thousands digit of 77687?
7
What is the thousands digit of 9944734?
4
What is the thousands digit of 146542?
6
What is the thousands digit of 229984?
9
What is the ten thousands digit of 31786?
3
What is the tens digit of 104820?
2
What is the hundreds digit of 196343?
3
What is the ten millions digit of 12562979?
1
What is the units digit of 10191673?
3
What is the ten thousands digit of 484217?
8
What is the units digit of 148795?
5
What is the hundreds digit of 9873251?
2
What is the hundred thousands digit of 12723824?
7
What is the thousands digit of 791339?
1
What is the hundreds digit of 2676440?
4
What is the tens digit of 1422218?
1
What is the units digit of 6431052?
2
What is the hundred thousands digit of 3473208?
4
What is the ten thousands digit of 27927111?
2
What is the hundreds digit of 123726